*2 + 2*c + 7. Let i be q(5). Let g(u) = -45*u + 445. Let x be g(10). Let y = x - i. What is the units digit of y?
3
Suppose 0 = -3*d - 3*a + 28773, -291*d - 19196 = -293*d - 4*a. What is the thousands digit of d?
9
What is the tens digit of 34/1122*760092 + 2/(-22)?
3
Let p = 58 - 159. Let q = p + 106. Suppose -q*f = -874 + 329. What is the units digit of f?
9
Let p(x) = -2*x - 57. Let f be p(-25). Let u(y) = -2*y + 14. Let d be u(6). What is the hundreds digit of d - (-15)/f - 3489/(-21)?
1
Suppose 4*w = -3*s + 227818, -29*s - 18 = -32*s. What is the tens digit of w?
5
What is the hundreds digit of -8 + 1921 - (9 + 9 + -26)?
9
Let m = -115 - 15. Let o = 209 + m. What is the tens digit of o?
7
Let a(n) be the second derivative of 11*n**6/240 + n**5/12 - 7*n**4/12 - 18*n. Let m(u) be the third derivative of a(u). What is the tens digit of m(3)?
0
Let u(m) be the second derivative of -7*m**6/90 - m**5/40 + 4*m**4/3 + 9*m. Let a(c) be the third derivative of u(c). What is the tens digit of a(-1)?
5
Let g be (-26313)/(-14) + 1*5/10. Suppose -85*x = -75*x - g. What is the hundreds digit of x?
1
Suppose -709 = -6*r + 1193. Suppose 1365 = -312*p + r*p. What is the units digit of p?
3
Suppose 0 = -10*p + 1 - 11. Let k be 0 + p - (365 - 0). Let m = k + 553. What is the hundreds digit of m?
1
Let c(n) be the third derivative of -n**6/120 + n**5/12 + 11*n**4/24 + 5*n**3/6 + 10*n**2. Let r be c(-4). What is the units digit of 8/1*r/14?
0
Suppose 4*q - 3042 = 362. What is the hundreds digit of -3 + q + (0 - 3)*2?
8
Let r = -3247 - -10696. What is the tens digit of r?
4
Let q = -823 + 1379. Let i = q - 169. Let b = 607 - i. What is the units digit of b?
0
Suppose 16*q = 5*q - 37*q + 269808. What is the tens digit of q?
2
Let j(l) = -l**3 + 3*l**2 + 8*l + 10. Let i be j(5). Let a be 0*(9 - 10 - i/(-2)). Suppose -4*t = 8, 5*o - o - 4*t - 104 = a. What is the units digit of o?
4
Let b = -205 + 1753. Suppose b = 8*y - 3844. What is the units digit of y?
4
Let u = -4013 - -9580. What is the thousands digit of u?
5
Let t(g) = -g**3 + 10*g**2 - 6. Suppose 2*o = -5*k - o + 70, 5*o = 2*k + 3. Let i be t(k). What is the tens digit of (3*(i/(-3) - 3))/2?
5
Let d = -13145 - -23092. What is the tens digit of d?
4
Suppose -10140 = -0*m - 4*m. Suppose -11*u + 196 = 108. Suppose -5*z = u*z - m. What is the tens digit of z?
9
Suppose g - 3511 = -2*f, 3*f - f - 3520 = 2*g. What is the hundreds digit of f?
7
Suppose -5*g + 4*y + 0*y = -45735, 18312 = 2*g + 2*y. What is the thousands digit of g?
9
Suppose 0 = -2*n - 2*n + 2580. Suppose 0 = 5*x + v + n, -v - 206 = 2*x + 49. What is the units digit of (3 - 2) + 1 + (-1 - x)?
1
Suppose -89260 = 58*c - 468232. What is the units digit of c?
4
Let n be ((-4)/5)/((-18)/225). Suppose -n + 7 = -z. Suppose z*o - 84 = 5*f, -90 = -3*o + 5*f - 2*f. What is the tens digit of o?
3
Let v = 23193 - 10473. What is the ten thousands digit of v?
1
Let x(h) be the third derivative of -29*h**4/24 + 17*h**3/3 - 2*h**2 + 12. What is the tens digit of x(-14)?
4
Let q = 298 - 294. Let b(x) = 36*x**2 - 8*x + 22. What is the tens digit of b(q)?
6
Suppose 3*w = 138 + 1509. Let j = 233 + w. What is the tens digit of j?
8
Suppose -u = -5*r - 10343, 4*u = 2*r + 11079 + 30221. What is the tens digit of u?
2
Let l(g) = 36*g + 10. Let h be l(-11). Let a = h - -1137. What is the hundreds digit of a?
7
Let l(c) = -9*c + 1. Let d be l(1). Let o be d/(-60) - (-174)/45. What is the units digit of (9*5)/(o/1 - 3)?
5
Let x = -43 - -40. Let d(k) = -k**3 + k**2 - 7. Let i be d(x). Suppose -i = -j - 3*u + u, 0 = -3*j + 5*u + 120. What is the tens digit of j?
3
Suppose 3*c = 5*n + 61, 3*c + 0*n - 70 = -4*n. Let y be 70/c + 40/(-220). Suppose -3*s = -8*s + 2*m + 1011, 4*s - 795 = -y*m. What is the hundreds digit of s?
2
Let a(u) = -3*u**2 + 97*u - 121. What is the units digit of a(20)?
9
Let w be ((-22)/(-2))/(6 - 5). Suppose 2*k + 4*v - 6 = 0, 0 = -4*k - 3*v + 3 - w. What is the units digit of 1372/35 - (-1)/k?
9
Let z = 17 - -307. What is the hundreds digit of z?
3
Let d(w) = 4*w + 40. Suppose 5 + 13 = -2*t. Let z be d(t). Suppose z*b - 5*f - 21 = 0, b - 2*f = -2*b + 21. What is the units digit of b?
9
What is the ten thousands digit of 8 - ((-3 + -2)*2 + -28738)?
2
Let n = -661 + 472. Let v = n + 89. Let t = v - -272. What is the hundreds digit of t?
1
Let v(n) = 18*n**2 - 18*n - 13. What is the thousands digit of v(50)?
4
Suppose v + 359 = i - 6*i, 5*v - 365 = 5*i. Let w = -69 - i. Suppose w*g - 4*r = 293, -6*g + 4*g + 196 = -2*r. What is the tens digit of g?
9
Let f be 6 - (-5 + 14) - (-1 + -2). Suppose f = -10*n + 9*n + 507. What is the tens digit of n?
0
Suppose 0 = 85*a - 45297 - 249143. What is the hundreds digit of a?
4
Suppose 24*o + 1022 - 3398 = 0. Suppose -4*r + 20 = 0, -2 = -3*y + r + 2. Suppose o = y*g - 189. What is the units digit of g?
6
Suppose -3156 = -36*a - 12876. Let g = 187 - a. What is the hundreds digit of g?
4
Let q(a) = 84*a**3 - 27*a**2 + 126*a - 9. What is the hundreds digit of q(4)?
4
Let n = 11 - 7. Let i(k) be the first derivative of 33*k**2/2 - k - 1108. What is the tens digit of i(n)?
3
Suppose 4*t - 5*d - 73 = 2*t, 3*t - 96 = 3*d. Let v(c) = 8 + 12 - t + 10 - 2*c**3 + 4*c**2 + 5*c. What is the tens digit of v(-4)?
7
Suppose -2*a - 128752 = -4*v, 46*v + 32187 = 47*v - a. What is the tens digit of v?
8
What is the hundreds digit of 0 - (-51584)/(-22 + 24)?
7
Suppose -2*d + 5*n + 13566 = 0, 17*d - 19*d + 3*n = -13558. What is the tens digit of d?
7
Let v = 1 - 2. Suppose 0 = -32*d - 163 + 35. What is the tens digit of 2 - (d - (8 - v))?
1
Suppose 0 = 2*f + 6*f - 5008. Let t = 1053 - f. What is the units digit of t?
7
Let r be 14/2*288/(-336). Let v(t) = 18*t**2 - 10*t - 23. What is the tens digit of v(r)?
8
Let u = 2787 - 1337. What is the tens digit of u?
5
Let t(b) = b**3 + 4*b**2 - 5*b + 1. Let m be t(-5). Let z be 3 + (m - (1 - -1)). What is the units digit of ((-10)/8)/(z/(-16))?
0
What is the tens digit of 9161/3 + (-4)/6*(-149)/298?
5
Let j(s) = -s**3 + 11*s**2 - 14*s + 40. Let h be j(10). Suppose h = 59*w - 77*w + 10746. What is the hundreds digit of w?
5
Let r(x) = x - 8. Let c be r(10). Suppose -3*y = -c*p + 11 + 104, -p = 4*y - 85. What is the tens digit of p?
6
Let n(o) = -o**2 - o - 3. Let y(b) = -b**3 - b**2 - b. Let s(x) = -n(x) + y(x). Let f be s(-2). What is the units digit of f/(-2) + 4 - (-37)/2?
7
Suppose 11*v + 8*v - 95 = 0. What is the tens digit of -5 + (v - -64) - -6?
7
Let u(l) = 11*l**2 + 65*l - 997. What is the thousands digit of u(17)?
3
Let k be (-3168)/(-30) - 3/5. Let m(c) = 88 - 62 + 44 + k - 3*c. What is the hundreds digit of m(0)?
1
Let y be 3 - 4*12/16. Suppose 8*r - 18 - 30 = y. What is the units digit of (1671/r - 4)*(-6)/(-9)?
3
Let g(l) = -l**3 + 15*l**2 + l - 9. Let u be g(15). Suppose 9*p + u = -12. What is the hundreds digit of (-1 - p/4) + (-3768)/(-16)?
2
Let b = 38872 + -26694. What is the ten thousands digit of b?
1
Let l(b) = 36 - 2*b - 8 - b. Let p be (-1 - 10) + 9 + -8. What is the tens digit of l(p)?
5
Suppose 35*q = -123*q + 14*q + 5158080. What is the units digit of q?
0
Let w(z) be the second derivative of -23*z**3/6 + 26*z**2 - 53*z. What is the units digit of w(-9)?
9
Let b(v) = 9103*v**3 + 6*v**2 - 5*v + 3. What is the hundreds digit of b(1)?
1
Let b = 966 - 646. Suppose 24 - b = -p. What is the hundreds digit of p?
2
What is the tens digit of 9426 - (1 + (-111)/37*1/(-1))?
2
Let m(g) = -g**2 - 18*g - 4. Let l be m(-18). Let r(b) = -46*b**2 + 8*b + 14. Let z be r(l). Let o = -515 - z. What is the hundreds digit of o?
2
Let v(w) be the second derivative of w**3/3 - 14*w**2 + 33*w. Let d be v(-6). Let a = 24 - d. What is the tens digit of a?
6
What is the hundreds digit of (-204)/((-29)/(12615/10))?
8
Let a(b) = 3*b + 680. Suppose 11 = 2*j + 11. What is the hundreds digit of a(j)?
6
Suppose 0*o - 6*o + 63197 = -18745. What is the tens digit of o?
5
Let d = 3 + 1. Let r(v) = 84*v**2 + 133*v - 133. Let h be r(1). Suppose 2*i + 0*i + 4*p = h, -d*i - 5*p = -177. What is the tens digit of i?
4
Suppose -4*w + 1 = -3. Let a be (-38 - w)*(-8)/24. What is the units digit of (-13)/a - (-1 - 98)?
8
Suppose -3188*o + 6376*o - 181786 = 3186*o. What is the ten thousands digit of o?
9
Let c = 265